36
What is the remainder when 19581 is divided by 144?
141
What is the remainder when 1630 is divided by 8?
6
What is the remainder when 878 is divided by 406?
66
Calculate the remainder when 1853 is divided by 11.
5
Calculate the remainder when 609 is divided by 130.
89
Calculate the remainder when 62 is divided by 4.
2
Calculate the remainder when 99 is divided by 32.
3
Calculate the remainder when 719 is divided by 31.
6
Calculate the remainder when 448 is divided by 10.
8
Calculate the remainder when 79 is divided by 5.
4
What is the remainder when 82 is divided by 46?
36
What is the remainder when 65 is divided by 47?
18
What is the remainder when 1978 is divided by 180?
178
What is the remainder when 2294 is divided by 14?
12
Calculate the remainder when 399 is divided by 41.
30
Calculate the remainder when 978 is divided by 89.
88
Calculate the remainder when 635 is divided by 40.
35
What is the remainder when 146 is divided by 49?
48
Calculate the remainder when 28 is divided by 6.
4
Calculate the remainder when 50 is divided by 39.
11
Calculate the remainder when 273 is divided by 23.
20
Calculate the remainder when 2543 is divided by 19.
16
Calculate the remainder when 2296 is divided by 19.
16
What is the remainder when 640 is divided by 211?
7
What is the remainder when 257 is divided by 81?
14
What is the remainder when 6533 is divided by 18?
17
What is the remainder when 877 is divided by 232?
181
What is the remainder when 5794 is divided by 12?
10
Calculate the remainder when 16 is divided by 11.
5
What is the remainder when 1216 is divided by 53?
50
What is the remainder when 5742 is divided by 169?
165
What is the remainder when 195 is divided by 10?
5
Calculate the remainder when 2608 is divided by 90.
88
Calculate the remainder when 142 is divided by 3.
1
Calculate the remainder when 30 is divided by 10.
0
Calculate the remainder when 10690 is divided by 243.
241
What is the remainder when 3007 is divided by 137?
130
What is the remainder when 12120 is divided by 22?
20
What is the remainder when 668 is divided by 49?
31
Calculate the remainder when 1933 is divided by 44.
41
What is the remainder when 3395 is divided by 79?
77
What is the remainder when 1969 is divided by 243?
25
What is the remainder when 471 is divided by 37?
27
What is the remainder when 633 is divided by 211?
0
What is the remainder when 392 is divided by 8?
0
Calculate the remainder when 21 is divided by 14.
7
Calculate the remainder when 57 is divided by 13.
5
What is the remainder when 76 is divided by 14?
6
Calculate the remainder when 125 is divided by 43.
39
Calculate the remainder when 177 is divided by 58.
3
What is the remainder when 86 is divided by 11?
9
Calculate the remainder when 77 is divided by 16.
13
What is the remainder when 205 is divided by 13?
10
Calculate the remainder when 830 is divided by 49.
46
What is the remainder when 4903 is divided by 16?
7
Calculate the remainder when 755 is divided by 30.
5
Calculate the remainder when 118 is divided by 41.
36
What is the remainder when 14428 is divided by 111?
109
Calculate the remainder when 2946 is divided by 16.
2
What is the remainder when 271 is divided by 5?
1
Calculate the remainder when 1329 is divided by 74.
71
Calculate the remainder when 293 is divided by 288.
5
Calculate the remainder when 562 is divided by 187.
1
Calculate the remainder when 83 is divided by 12.
11
What is the remainder when 60070 is divided by 127?
126
Calculate the remainder when 1681 is divided by 16.
1
Calculate the remainder when 254 is divided by 13.
7
What is the remainder when 1910 is divided by 34?
6
Calculate the remainder when 8731 is divided by 236.
235
Calculate the remainder when 55 is divided by 25.
5
Calculate the remainder when 247 is divided by 25.
22
What is the remainder when 287 is divided by 48?
47
Calculate the remainder when 1025 is divided by 147.
143
What is the remainder when 549 is divided by 50?
49
What is the remainder when 435 is divided by 84?
15
Calculate the remainder when 165 is divided by 44.
33
Calculate the remainder when 1134 is divided by 360.
54
Calculate the remainder when 522 is divided by 88.
82
Calculate the remainder when 185 is divided by 160.
25
Calculate the remainder when 326 is divided by 180.
146
What is the remainder when 119 is divided by 11?
9
Calculate the remainder when 303 is divided by 291.
12
Calculate the remainder when 62831 is divided by 17.
16
What is the remainder when 1791 is divided by 33?
9
What is the remainder when 115 is divided by 59?
56
What is the remainder when 12 is divided by 2?
0
What is the remainder when 645 is divided by 183?
96
What is the remainder when 15477 is divided by 15?
12
Calculate the remainder when 294 is divided by 74.
72
What is the remainder when 416 is divided by 35?
31
Calculate the remainder when 571 is divided by 12.
7
What is the remainder when 354 is divided by 10?
4
Calculate the remainder when 210 is divided by 43.
38
Calculate the remainder when 130 is divided by 87.
43
What is the remainder when 19 is divided by 2?
1
Calculate the remainder when 1515 is divided by 22.
19
What is the remainder when 6239 is divided by 13?
12
Calculate the remainder when 2510 is divided by 16.
14
What is the remainder when 166 is divided by 31?
11
What is the remainder when 441 is divided by 13?
12
Calculate the remainder when 3305 is divided by 12.
5
What is the remainder when 23 is divided by 21?
2
What is the remainder when 156 is divided by 32?
28
What is the remainder when 68 is divided by 12?
8
What is the remainder when 837 is divided by 15?
12
Calculate the remainder when 168 is divided by 5.
3
Calculate the remainder when 5466 is divided by 72.
66
Calculate the remainder when 126 is divided by 49.
28
Calculate the remainder when 389 is divided by 191.
7
Calculate the remainder when 1056 is divided by 497.
62
What is the remainder when 197 is divided by 29?
23
Calculate the remainder when 4731 is divided by 182.
181
What is the remainder when 1078 is divided by 261?
34
Calculate the remainder when 197 is divided by 124.
73
Calculate the remainder when 207 is divided by 15.
12
Calculate the remainder when 1142 is divided by 34.
20
What is the remainder when 21 is divided by 12?
9
Calculate the remainder when 4029 is divided by 112.
109
What is the remainder when 123 is divided by 69?
54
What is the remainder when 1039 is divided by 119?
87
What is the remainder when 71 is divided by 13?
6
What is the remainder when 629 is divided by 231?
167
Calculate the remainder when 69597 is divided by 75.
72
What is the remainder when 6554 is divided by 76?
18
What is the remainder when 213 is divided by 6?
3
What is the remainder when 216 is divided by 8?
0
What is the remainder when 484 is divided by 155?
19
Calculate the remainder when 202 is divided by 54.
40
Calculate the remainder when 2091 is divided by 415.
16
Calculate the remainder when 276 is divided by 144.
132
Calculate the remainder when 341 is divided by 36.
17
Calculate the remainder when 7755 is divided by 40.
35
Calculate the remainder when 486 is divided by 134.
84
Calculate the remainder when 524 is divided by 88.
84
What is the remainder when 11321 is divided by 5?
1
Calculate the remainder when 58 is divided by 10.
8
Calculate the remainder when 325 is divided by 66.
61
What is the remainder when 340 is divided by 248?
92
What is the remainder when 409 is divided by 174?
61
Calculate the remainder when 399 is divided by 154.
91
What is the remainder when 673 is divided by 62?
53
Calculate the remainder when 477 is divided by 60.
57
What is the remainder when 2540 is divided by 11?
10
Calculate the remainder when 2399 is divided by 797.
8
What is the remainder when 155 is divided by 54?
47
What is the remainder when 1903 is divided by 128?
111
Calculate the remainder when 1093 is divided by 183.
178
Calculate the remainder when 710 is divided by 48.
38
What is the remainder when 16 is divided by 7?
2
Calculate the remainder when 527 is divided by 24.
23
Calculate the remainder when 108 is divided by 100.
8
Calculate the remainder when 174 is divided by 31.
19
Calculate the remainder when 429 is divided by 48.
45
Calculate the remainder when 456 is div